{"id":167066,"date":"2024-12-13T15:40:56","date_gmt":"2024-12-13T14:40:56","guid":{"rendered":"https:\/\/fitshaker.sk\/eshop\/?post_type=product&#038;p=167066"},"modified":"2026-04-07T08:01:53","modified_gmt":"2026-04-07T06:01:53","slug":"bioactive-b-complex","status":"publish","type":"product","link":"https:\/\/fitshaker.sk\/eshop\/produkt\/bioactive-b-complex","title":{"rendered":"FITSHAKER BIOACTIVE B-COMPLEX"},"content":{"rendered":"<p>Vo vitam\u00ednovom komplexe BIOACTIV B-COOMPLEX sa nach\u00e1dzaj\u00fa v\u0161etky d\u00f4le\u017eit\u00e9 vitam\u00edny skupiny B, aby spolu maximalizovali svoje \u00fa\u010dinky.<\/p>\n<p><strong>Vitam\u00edn B6, vitam\u00edn B1, niac\u00edn, vitam\u00edn B2, vitam\u00edn B12 a biot\u00edn prispievaj\u00fa k spr\u00e1vnemu fungovaniu nervov\u00e9ho syst\u00e9mu. Vitam\u00edn B6, niac\u00edn, vitam\u00edn B1, vitam\u00edn B2, kyselina listov\u00e1 a\u00a0biot\u00edn\u00a0prispievaj\u00fa k spr\u00e1vnej funkcii psychiky. Kyselina pantotenov\u00e1 prispieva k zdravej du\u0161evnej v\u00fdkonnosti. Vitam\u00edn B6, niac\u00edn, vitam\u00edn B2, kyselina pantotenov\u00e1, vitam\u00edn B12 a\u00a0kyselina listov\u00e1 prispievaj\u00fa k zn\u00ed\u017eeniu vy\u010derpania a \u00fanavy.<\/strong><\/p>\n<p>&nbsp;<\/p>\n<h3>Ak\u00e9 m\u00e1 v\u00fdhody FITSHAKER BIOACTIVE B-COMPLEX? S \u010d\u00edm ti m\u00f4\u017ee pom\u00f4c\u0165?<\/h3>\n<ul>\n<li>m\u00e1 priazniv\u00fd vplyv na du\u0161evn\u00e9 zdravie a psychiku<\/li>\n<li>prispieva k spr\u00e1vnemu fungovaniu nervov\u00e9ho syst\u00e9mu<\/li>\n<li>posil\u0148uje imunitu<\/li>\n<li>podporuje spr\u00e1vne fungovanie metabolizmu<\/li>\n<li>vy\u017eivuje poko\u017eku (bojuje proti suchej poko\u017eke, proti akn\u00e9)<\/li>\n<li>dod\u00e1va telu energiu<\/li>\n<li>podporuje spr\u00e1vnu funkcia krvotvorby<\/li>\n<\/ul>\n<p>&nbsp;<\/p>\n<h3>K \u010domu vedie nedostatok vitam\u00ednov skupiny B?<\/h3>\n<ul>\n<li>ko\u017en\u00e9 probl\u00e9my, popraskan\u00e9 pery, such\u00e1 poko\u017eka, akn\u00e9<\/li>\n<li>\u00fanava<\/li>\n<li>psychick\u00e1 nerovnov\u00e1ha (podr\u00e1\u017edenos\u0165, n\u00e1ladovos\u0165, \u00fazkos\u0165, depresie)<\/li>\n<li>tr\u00e1viace probl\u00e9my<\/li>\n<li>necitlivos\u0165, mrav\u010danie v kon\u010datin\u00e1ch, svalov\u00e9 k\u0155\u010de<\/li>\n<li>zhor\u0161enie imunity, zv\u00fd\u0161en\u00e1 chorobnos\u0165<\/li>\n<\/ul>\n<p>Viac o d\u00f4le\u017eitosti a vplyve vitam\u00ednov skupiny B na na\u0161e zdravie sa do\u010d\u00edta\u0161 na na\u0161om blogu.<\/p>\n<p>&nbsp;<\/p>\n<h3>Zlo\u017eenie:<\/h3>\n<p>akt\u00edvne zlo\u017eky: vitam\u00edn B6 (pyridoxal-5\u2032-fosf\u00e1t), niac\u00edn (nikot\u00ednamid), vitam\u00edn B1 (tiam\u00ednhydrochlorid), vitam\u00edn B2 (riboflav\u00edn 5\u2032fosf\u00e1t sodn\u00fd), kyselina pantot\u00e9nov\u00e1 (D-pantoten\u00e1t v\u00e1penat\u00fd), vitam\u00edn B12 (metylkobalam\u00edn), kyselina listov\u00e1 (gluk\u00f3zam\u00ednov\u00e1 so\u013e kyseliny (6S)-5-metyltetrahydrolistovej), biot\u00edn (D-biot\u00edn)<\/p>\n<p>objemov\u00e9 \u010dinidlo: mikrokry\u0161talick\u00e1 celul\u00f3za, kapsula (hydroxypropylmetylcelul\u00f3za) \u2013 rastlinn\u00e1 celul\u00f3za<\/p>\n<p>&nbsp;<\/p>\n<p><strong>Pou\u017e\u00edvame kapsuly z rastlinnej celul\u00f3zy, do ktor\u00fdch nie s\u00fa pridan\u00e9 \u017eiadne zbyto\u010dn\u00e9 pomocn\u00e9 l\u00e1tky a adit\u00edva<\/strong> (napr\u00edklad r\u00f4zne spojiv\u00e1 alebo protihrudkuj\u00face l\u00e1tky potrebn\u00e9 pri tablet\u00e1ch).<br \/>\n<strong>Kapsuly s\u00fa vhodn\u00e9 pre vegetari\u00e1nov, veg\u00e1nov aj celiatikov.<\/strong><\/p>\n<p><img loading=\"lazy\" decoding=\"async\" class=\"alignnone wp-image-166961 \" src=\"https:\/\/fitshaker.sk\/eshop\/wp-content\/uploads\/2024\/12\/Bioactive-B-COMPLEX-aktivne-zlozky-eshop.jpg\" alt=\"\" width=\"638\" height=\"437\" srcset=\"https:\/\/fitshaker.sk\/eshop\/wp-content\/uploads\/2024\/12\/Bioactive-B-COMPLEX-aktivne-zlozky-eshop.jpg 1654w, https:\/\/fitshaker.sk\/eshop\/wp-content\/uploads\/2024\/12\/Bioactive-B-COMPLEX-aktivne-zlozky-eshop-350x240.jpg 350w, https:\/\/fitshaker.sk\/eshop\/wp-content\/uploads\/2024\/12\/Bioactive-B-COMPLEX-aktivne-zlozky-eshop-595x408.jpg 595w, https:\/\/fitshaker.sk\/eshop\/wp-content\/uploads\/2024\/12\/Bioactive-B-COMPLEX-aktivne-zlozky-eshop-385x264.jpg 385w, https:\/\/fitshaker.sk\/eshop\/wp-content\/uploads\/2024\/12\/Bioactive-B-COMPLEX-aktivne-zlozky-eshop-768x527.jpg 768w, https:\/\/fitshaker.sk\/eshop\/wp-content\/uploads\/2024\/12\/Bioactive-B-COMPLEX-aktivne-zlozky-eshop-1536x1053.jpg 1536w, https:\/\/fitshaker.sk\/eshop\/wp-content\/uploads\/2024\/12\/Bioactive-B-COMPLEX-aktivne-zlozky-eshop-450x309.jpg 450w\" sizes=\"(max-width: 638px) 100vw, 638px\" \/><\/p>\n<p>&nbsp;<\/p>\n<p><strong>Balenie: 90 kaps\u00fal<\/strong><br \/>\n<strong>Hmotnos\u0165: 27,54 g<\/strong><\/p>\n<p>&nbsp;<\/p>\n<h3>Odpor\u00fa\u010dan\u00e1 denn\u00e1 d\u00e1vka:<\/h3>\n<ul>\n<li>1 kapsuly denne, zapite dostato\u010dn\u00fdm mno\u017estvom vody.<\/li>\n<li>1 balenie FITSHAKER BIOACTIVE B-COMPLEX vydr\u017e\u00ed a\u017e 3 mesiace.<\/li>\n<\/ul>\n<p>&nbsp;<\/p>\n<p><strong>Skladovanie:<\/strong> Skladujte na suchom, tmavom mieste pri izbovej teplote.<br \/>\n<strong>Vyroben\u00e9 pre Fitshaker v \u010ceskej republike.<\/strong><\/p>\n<p>&nbsp;<\/p>\n<p><strong>Upozornenia:<\/strong> Ustanoven\u00e1 odpor\u00fa\u010dan\u00e1 denn\u00e1 d\u00e1vka sa nesmie presiahnu\u0165! V\u00fd\u017eivov\u00e9 doplnky sa nesm\u00fa pou\u017e\u00edva\u0165 ako n\u00e1hrada rozmanitej stravy! Dbajte na d\u00f4le\u017eitos\u0165 pestrej a vyv\u00e1\u017eenej stravy a zdrav\u00e9ho \u017eivotn\u00e9ho \u0161t\u00fdlu. V\u00fd\u017eivov\u00e9 doplnky sa musia usklad\u0148ova\u0165 mimo dosahu mal\u00fdch det\u00ed! Nie je vhodn\u00e9 pre deti. V pr\u00edpade, \u017ee ste tehotn\u00e1, doj\u010d\u00edte, pred u\u017e\u00edvan\u00edm sa pora\u010fte so svoj\u00edm lek\u00e1rom.<\/p>\n<p>&nbsp;<\/p>\n","protected":false},"excerpt":{"rendered":"<p><strong>BALANCE BOOST \u2013 90 kaps\u00fal <\/strong><br \/>\n<strong>V\u00fd\u017eivov\u00fd doplnok s vitam\u00ednmi B1, B2, B6, B12, niac\u00ednom (B3), kyselinou pantot\u00e9novou (B5), kyselinou listovou (B9) a biot\u00ednom (B7) vo forme kaps\u00fal.<\/strong><br \/>\nB-komplex prispieva k spr\u00e1vnemu fungovaniu nervov\u00e9ho syst\u00e9mu, m\u00e1 priazniv\u00fd vplyv na du\u0161evn\u00e9 zdravie a psychiku, posil\u0148uje imunitu a podporuje spr\u00e1vne fungovanie metabolizmu.<\/p>\n<p>&nbsp;<\/p>\n<p><img loading=\"lazy\" decoding=\"async\" class=\"alignnone wp-image-171103\" src=\"https:\/\/fitshaker.sk\/eshop\/wp-content\/uploads\/2024\/12\/eshop-ikonky-produkty_vitaminy.png\" alt=\"Fitshaker vitam\u00edny\" width=\"557\" height=\"100\" srcset=\"https:\/\/fitshaker.sk\/eshop\/wp-content\/uploads\/2024\/12\/eshop-ikonky-produkty_vitaminy.png 4914w, https:\/\/fitshaker.sk\/eshop\/wp-content\/uploads\/2024\/12\/eshop-ikonky-produkty_vitaminy-350x63.png 350w, https:\/\/fitshaker.sk\/eshop\/wp-content\/uploads\/2024\/12\/eshop-ikonky-produkty_vitaminy-595x107.png 595w, https:\/\/fitshaker.sk\/eshop\/wp-content\/uploads\/2024\/12\/eshop-ikonky-produkty_vitaminy-385x69.png 385w, https:\/\/fitshaker.sk\/eshop\/wp-content\/uploads\/2024\/12\/eshop-ikonky-produkty_vitaminy-768x138.png 768w, https:\/\/fitshaker.sk\/eshop\/wp-content\/uploads\/2024\/12\/eshop-ikonky-produkty_vitaminy-1536x276.png 1536w, https:\/\/fitshaker.sk\/eshop\/wp-content\/uploads\/2024\/12\/eshop-ikonky-produkty_vitaminy-2048x368.png 2048w, https:\/\/fitshaker.sk\/eshop\/wp-content\/uploads\/2024\/12\/eshop-ikonky-produkty_vitaminy-450x81.png 450w\" sizes=\"(max-width: 557px) 100vw, 557px\" \/><\/p>\n","protected":false},"featured_media":167053,"comment_status":"open","ping_status":"closed","template":"","meta":{"_acf_changed":false},"product_cat":[213],"product_tag":[],"bundle_layout":"","bundled_by":[],"bundled_items":[],"acf":[],"_links":{"self":[{"href":"https:\/\/fitshaker.sk\/eshop\/wp-json\/wp\/v2\/product\/167066"}],"collection":[{"href":"https:\/\/fitshaker.sk\/eshop\/wp-json\/wp\/v2\/product"}],"about":[{"href":"https:\/\/fitshaker.sk\/eshop\/wp-json\/wp\/v2\/types\/product"}],"replies":[{"embeddable":true,"href":"https:\/\/fitshaker.sk\/eshop\/wp-json\/wp\/v2\/comments?post=167066"}],"wp:featuredmedia":[{"embeddable":true,"href":"https:\/\/fitshaker.sk\/eshop\/wp-json\/wp\/v2\/media\/167053"}],"wp:attachment":[{"href":"https:\/\/fitshaker.sk\/eshop\/wp-json\/wp\/v2\/media?parent=167066"}],"wp:term":[{"taxonomy":"product_cat","embeddable":true,"href":"https:\/\/fitshaker.sk\/eshop\/wp-json\/wp\/v2\/product_cat?post=167066"},{"taxonomy":"product_tag","embeddable":true,"href":"https:\/\/fitshaker.sk\/eshop\/wp-json\/wp\/v2\/product_tag?post=167066"}],"curies":[{"name":"wp","href":"https:\/\/api.w.org\/{rel}","templated":true}]}}