{"id":167064,"date":"2024-12-13T15:18:23","date_gmt":"2024-12-13T14:18:23","guid":{"rendered":"https:\/\/fitshaker.sk\/eshop\/?post_type=product&#038;p=167064"},"modified":"2025-12-31T17:49:26","modified_gmt":"2025-12-31T16:49:26","slug":"vitaminy-d3-k2","status":"publish","type":"product","link":"https:\/\/fitshaker.sk\/eshop\/produkt\/vitaminy-d3-k2","title":{"rendered":"FITSHAKER VITAMINS D3 + K2"},"content":{"rendered":"<p><strong>Vitam\u00edn D3 sa prirodzene tvor\u00ed v na\u0161ej ko\u017ei p\u00f4soben\u00edm slne\u010dn\u00e9ho \u017eiarenia hlavne po\u010das letn\u00fdch mesiacov. Spolu s vitam\u00ednom K2 prispievaj\u00fa k podpore imunitn\u00e9ho syst\u00e9mu a udr\u017eaniu zdrav\u00fdch kost\u00ed a zubov.<\/strong><\/p>\n<p>T\u00e1to ide\u00e1lna kombin\u00e1cia dvoch z\u00e1kladn\u00fdch vitam\u00ednov <strong>D3 z extraktu borovice a K2 vo forme MK7 je ve\u013emi dobre vyu\u017eite\u013en\u00e1 pre \u013eudsk\u00e9 telo<\/strong>.\u00a0Tento v\u00fd\u017eivov\u00fd doplnok je potrebn\u00e9 u\u017e\u00edva\u0165 z jedlom, preto\u017ee <strong>vitam\u00edn D3 je rozpustn\u00fd v tukoch a pom\u00e1ha vstreb\u00e1vaniu v\u00e1pnika z potravy<\/strong>.<br \/>\nVitam\u00edn <strong>K2 vo forme MK7 pom\u00e1ha telu vyu\u017ei\u0165 v\u00e1pnik naplno, t\u00fdm \u017ee zabra\u0148uje jeho usadzovaniu v cievach<\/strong>. T\u00e1to forma vitam\u00ednu K2 m\u00e1 ove\u013ea dlh\u0161\u00ed pol\u010das rozpadu\u00a0ako be\u017en\u00e9 formy vitam\u00ednu K2 a jeho\u00a0vyu\u017eite\u013enos\u0165 a efektivita v tele je maxim\u00e1lna.<\/p>\n<p>Vitam\u00edn K2 m\u00e1 hlavn\u00fa funkciu podporu metabolizmu v\u00e1pnika v tele. Nedostatok vitam\u00ednu K2 sp\u00f4sobuje ukladanie v\u00e1pnika do m\u00e4kk\u00fdch tkan\u00edv a zhor\u0161uje jeho ukladanie do kost\u00ed, \u010do m\u00f4\u017ee vies\u0165 k osteopor\u00f3ze (rednutie kost\u00ed). Vitam\u00edny D3 a\u00a0K2 sa tak navz\u00e1jom skvele dop\u013a\u0148aj\u00fa a\u00a0spolupracuj\u00fa.<\/p>\n<p>&nbsp;<\/p>\n<h3>Ak\u00e9 m\u00e1 FITSHAKER VITAMINS D3 + K2 v\u00fdhody? S \u010dim ti m\u00f4\u017ee pom\u00f4c\u0165?<\/h3>\n<ul>\n<li>pom\u00e1ha pri budovan\u00ed a posil\u0148ovan\u00ed kost\u00ed a zubov<\/li>\n<li>posil\u0148uje imunitu<\/li>\n<li>m\u00e1 protiz\u00e1palov\u00e9 \u00fa\u010dinky<\/li>\n<li>posil\u0148uje svaly<\/li>\n<li>napom\u00e1ha k psychickej rovnov\u00e1he<\/li>\n<li>zni\u017euje vysok\u00fd krvn\u00fd tlak a podporuje kardiovaskul\u00e1rne zdravie<\/li>\n<\/ul>\n<p>&nbsp;<\/p>\n<h3>K \u010domu vedie nedostatok vitam\u00ednov D3 a K2?<\/h3>\n<ul>\n<li>tenk\u00e9 a krehk\u00e9 kosti<\/li>\n<li>svalov\u00e1 slabos\u0165<\/li>\n<li>ospalos\u0165<\/li>\n<li>\u0165a\u017ekosti so sp\u00e1nkom<\/li>\n<li>v\u00e4\u010d\u0161ia n\u00e1chylnos\u0165 na respira\u010dn\u00e9 ochorenia<\/li>\n<li>oslaben\u00e1 imunita<\/li>\n<li>depresie, n\u00e1ladovos\u0165, \u00fazkos\u0165, depresie<\/li>\n<\/ul>\n<p>Viac o d\u00f4le\u017eitosti a vplyve vitam\u00ednov D3 a K2 na na\u0161e zdravie sa do\u010d\u00edta\u0161 na na\u0161om blogu.<\/p>\n<p>&nbsp;<\/p>\n<h3>Zlo\u017eenie:<\/h3>\n<p>akt\u00edvne zlo\u017eky: vitam\u00edn D3 (cholekalciferol \u2013 z extraktu borovice), vitam\u00edn K2 (vo forme MK7)<\/p>\n<p>objemov\u00e9 \u010dinidlo: mikrokry\u0161talick\u00e1 celul\u00f3za, kapsula (hydroxypropylmetylcelul\u00f3za) \u2013 rastlinn\u00e1 celul\u00f3za<\/p>\n<p>&nbsp;<\/p>\n<p><strong>Pou\u017e\u00edvame kapsuly z rastlinnej celul\u00f3zy, do ktor\u00fdch nie s\u00fa pridan\u00e9 \u017eiadne zbyto\u010dn\u00e9 pomocn\u00e9 l\u00e1tky a adit\u00edva<\/strong> (napr\u00edklad r\u00f4zne spojiv\u00e1 alebo protihrudkuj\u00face l\u00e1tky potrebn\u00e9 pri tablet\u00e1ch).<br \/>\n<strong>Kapsuly s\u00fa vhodn\u00e9 pre vegetari\u00e1nov, veg\u00e1nov aj celiatikov.<\/strong><\/p>\n<p><img loading=\"lazy\" decoding=\"async\" class=\"alignnone wp-image-167075 \" src=\"https:\/\/fitshaker.sk\/eshop\/wp-content\/uploads\/2024\/12\/D3-K2-aktivne-zlozky-eshop.jpg\" alt=\"\" width=\"573\" height=\"286\" srcset=\"https:\/\/fitshaker.sk\/eshop\/wp-content\/uploads\/2024\/12\/D3-K2-aktivne-zlozky-eshop.jpg 1654w, https:\/\/fitshaker.sk\/eshop\/wp-content\/uploads\/2024\/12\/D3-K2-aktivne-zlozky-eshop-350x175.jpg 350w, https:\/\/fitshaker.sk\/eshop\/wp-content\/uploads\/2024\/12\/D3-K2-aktivne-zlozky-eshop-595x298.jpg 595w, https:\/\/fitshaker.sk\/eshop\/wp-content\/uploads\/2024\/12\/D3-K2-aktivne-zlozky-eshop-385x193.jpg 385w, https:\/\/fitshaker.sk\/eshop\/wp-content\/uploads\/2024\/12\/D3-K2-aktivne-zlozky-eshop-768x384.jpg 768w, https:\/\/fitshaker.sk\/eshop\/wp-content\/uploads\/2024\/12\/D3-K2-aktivne-zlozky-eshop-1536x768.jpg 1536w, https:\/\/fitshaker.sk\/eshop\/wp-content\/uploads\/2024\/12\/D3-K2-aktivne-zlozky-eshop-450x225.jpg 450w\" sizes=\"(max-width: 573px) 100vw, 573px\" \/><\/p>\n<p>&nbsp;<\/p>\n<p><strong>Balenie: 90 kaps\u00fal<\/strong><br \/>\n<strong>Hmotnos\u0165: 27,54 g<\/strong><\/p>\n<p>&nbsp;<\/p>\n<h3>Odpor\u00fa\u010dan\u00e1 denn\u00e1 d\u00e1vka:<\/h3>\n<ul>\n<li>1 kapsuly denne, zapite dostato\u010dn\u00fdm mno\u017estvom vody.<\/li>\n<li>Vitam\u00edn D3 je ide\u00e1lne prij\u00edma\u0165 spolu s jedlom, ke\u010f\u017ee ide o\u00a0vitam\u00edn rozpustn\u00fd v\u00a0tukoch.<\/li>\n<li>1 balenie FITSHAKER VITAMINS D3 + K2 vydr\u017e\u00ed a\u017e 3 mesiace.<\/li>\n<\/ul>\n<p>&nbsp;<\/p>\n<p><strong>Skladovanie:<\/strong> Skladujte na suchom, tmavom mieste pri izbovej teplote.<br \/>\n<strong>Vyroben\u00e9 pre Fitshaker v \u010ceskej republike.<\/strong><\/p>\n<p>&nbsp;<\/p>\n<p><strong>Upozornenia:<\/strong> Ustanoven\u00e1 odpor\u00fa\u010dan\u00e1 denn\u00e1 d\u00e1vka sa nesmie presiahnu\u0165! V\u00fd\u017eivov\u00e9 doplnky sa nesm\u00fa pou\u017e\u00edva\u0165 ako n\u00e1hrada rozmanitej stravy! Dbajte na d\u00f4le\u017eitos\u0165 pestrej a vyv\u00e1\u017eenej stravy a zdrav\u00e9ho \u017eivotn\u00e9ho \u0161t\u00fdlu. V\u00fd\u017eivov\u00e9 doplnky sa musia usklad\u0148ova\u0165 mimo dosahu mal\u00fdch det\u00ed! Nie je vhodn\u00e9 pre deti. V pr\u00edpade, \u017ee ste tehotn\u00e1, doj\u010d\u00edte, pred u\u017e\u00edvan\u00edm sa pora\u010fte so svoj\u00edm lek\u00e1rom.<\/p>\n<p>&nbsp;<\/p>\n","protected":false},"excerpt":{"rendered":"<p><strong>SUN COMPLEX \u2013 90 kaps\u00fal<\/strong><br \/>\n<strong>V\u00fd\u017eivov\u00fd doplnok s vitam\u00ednmi D3 a K2 vo forme kaps\u00fal.<\/strong><br \/>\nDokonal\u00e1 kombin\u00e1cia vitam\u00ednov na posilnenie kost\u00ed, zubov, svalov a imunity, hlavne po\u010das zimn\u00fdch dn\u00ed.<\/p>\n<p>&nbsp;<\/p>\n<p>&nbsp;<\/p>\n<p><img loading=\"lazy\" decoding=\"async\" class=\"alignnone wp-image-171103\" src=\"https:\/\/fitshaker.sk\/eshop\/wp-content\/uploads\/2024\/12\/eshop-ikonky-produkty_vitaminy.png\" alt=\"Fitshaker vitam\u00edny\" width=\"557\" height=\"100\" srcset=\"https:\/\/fitshaker.sk\/eshop\/wp-content\/uploads\/2024\/12\/eshop-ikonky-produkty_vitaminy.png 4914w, https:\/\/fitshaker.sk\/eshop\/wp-content\/uploads\/2024\/12\/eshop-ikonky-produkty_vitaminy-350x63.png 350w, https:\/\/fitshaker.sk\/eshop\/wp-content\/uploads\/2024\/12\/eshop-ikonky-produkty_vitaminy-595x107.png 595w, https:\/\/fitshaker.sk\/eshop\/wp-content\/uploads\/2024\/12\/eshop-ikonky-produkty_vitaminy-385x69.png 385w, https:\/\/fitshaker.sk\/eshop\/wp-content\/uploads\/2024\/12\/eshop-ikonky-produkty_vitaminy-768x138.png 768w, https:\/\/fitshaker.sk\/eshop\/wp-content\/uploads\/2024\/12\/eshop-ikonky-produkty_vitaminy-1536x276.png 1536w, https:\/\/fitshaker.sk\/eshop\/wp-content\/uploads\/2024\/12\/eshop-ikonky-produkty_vitaminy-2048x368.png 2048w, https:\/\/fitshaker.sk\/eshop\/wp-content\/uploads\/2024\/12\/eshop-ikonky-produkty_vitaminy-450x81.png 450w\" sizes=\"(max-width: 557px) 100vw, 557px\" \/><\/p>\n","protected":false},"featured_media":167051,"comment_status":"open","ping_status":"closed","template":"","meta":{"_acf_changed":false},"product_cat":[213],"product_tag":[],"bundle_layout":"","bundled_by":[],"bundled_items":[],"acf":[],"_links":{"self":[{"href":"https:\/\/fitshaker.sk\/eshop\/wp-json\/wp\/v2\/product\/167064"}],"collection":[{"href":"https:\/\/fitshaker.sk\/eshop\/wp-json\/wp\/v2\/product"}],"about":[{"href":"https:\/\/fitshaker.sk\/eshop\/wp-json\/wp\/v2\/types\/product"}],"replies":[{"embeddable":true,"href":"https:\/\/fitshaker.sk\/eshop\/wp-json\/wp\/v2\/comments?post=167064"}],"wp:featuredmedia":[{"embeddable":true,"href":"https:\/\/fitshaker.sk\/eshop\/wp-json\/wp\/v2\/media\/167051"}],"wp:attachment":[{"href":"https:\/\/fitshaker.sk\/eshop\/wp-json\/wp\/v2\/media?parent=167064"}],"wp:term":[{"taxonomy":"product_cat","embeddable":true,"href":"https:\/\/fitshaker.sk\/eshop\/wp-json\/wp\/v2\/product_cat?post=167064"},{"taxonomy":"product_tag","embeddable":true,"href":"https:\/\/fitshaker.sk\/eshop\/wp-json\/wp\/v2\/product_tag?post=167064"}],"curies":[{"name":"wp","href":"https:\/\/api.w.org\/{rel}","templated":true}]}}