{"id":164903,"date":"2024-11-15T09:27:31","date_gmt":"2024-11-15T08:27:31","guid":{"rendered":"https:\/\/fitshaker.sk\/eshop\/?post_type=product&#038;p=164903"},"modified":"2026-04-28T11:28:39","modified_gmt":"2026-04-28T09:28:39","slug":"treningovy-balicek","status":"publish","type":"product","link":"https:\/\/fitshaker.sk\/eshop\/produkt\/treningovy-balicek","title":{"rendered":"Tr\u00e9ningov\u00fd bal\u00ed\u010dek"},"content":{"rendered":"<p>Ke\u010f\u017ee ani v zime nezah\u00e1\u013eame a mak\u00e1me, tak m\u00e1me pre teba super bal\u00ed\u010dek s ob\u013e\u00faben\u00fdmi kr\u00e1tkymi expandermi, \u0161vihadlom, ktor\u00e9 je skvelou pomockou na kondi\u010dn\u00e9 tr\u00e9ningy a mas\u00e1\u017enym olejom, s ktor\u00fdm si m\u00f4\u017ee\u0161 cvi\u010denie, \u010di zimn\u00e9 dni spr\u00edjemni\u0165 a prevo\u0148a\u0165.<\/p>\n<p>Skvel\u00fd tip na dar\u010dek pod viano\u010dn\u00fd strom\u010dek alebo obdarovanie samej seba\ud83e\udd70.<\/p>\n<p><strong>Bal\u00ed\u010dek obsahuje:<\/strong><br \/>\n<strong>1x <a href=\"https:\/\/fitshaker.sk\/eshop\/produkt\/expandery-na-spodnu-cast-tela-2\">Kr\u00e1tke expandery <\/a><\/strong>na precvi\u010dovanie spodnej \u010dasti tela.<br \/>\n<strong>1x <a href=\"https:\/\/fitshaker.sk\/eshop\/produkt\/svihadlo\">Ru\u017eov\u00e9 \u0161vihadlo<\/a><\/strong> s nastavite\u013enou d\u013a\u017ekou.<br \/>\n<strong>1x <a href=\"https:\/\/fitshaker.sk\/eshop\/produkt\/masazny-olej-na-svalovicu\">Mas\u00e1\u017eny olej (nielen) na svalovicu<\/a><\/strong><br \/>\nObsahuje pr\u00edrodn\u00e9 silice \u2013\u00a0levandu\u013ea, g\u00e1for a wintergreen, v\u010faka ktor\u00fdm m\u00e1 skvel\u00e9 \u00fa\u010dinky pri mas\u00e1\u017ei a kr\u00e1sne vonia.<br \/>\n______________________________________________<br \/>\n<strong>Celkovo u\u0161etr\u00ed\u0161 30 %!<\/strong><\/p>\n","protected":false},"excerpt":{"rendered":"<p>Perfektn\u00fd tr\u00e9ningov\u00fd bal\u00ed\u010dek za v\u00fdhodn\u00fa cenu! Kr\u00e1tke expandery na zintenz\u00edvnenie tr\u00e9ningu n\u00f4h, \u0161vihadlo na spestrenie tr\u00e9ningu vonku a olej\u010dek na regener\u00e1ciu svalov. Uchmatni si aj ty svoj v\u00fdhodn\u00fd bal\u00ed\u010dek. V lete sa ti z\u00edde :)<\/p>\n","protected":false},"featured_media":164892,"comment_status":"open","ping_status":"closed","template":"","meta":{"_acf_changed":false},"product_cat":[251],"product_tag":[],"bundle_layout":"","bundled_by":[],"bundled_items":[],"acf":[],"_links":{"self":[{"href":"https:\/\/fitshaker.sk\/eshop\/wp-json\/wp\/v2\/product\/164903"}],"collection":[{"href":"https:\/\/fitshaker.sk\/eshop\/wp-json\/wp\/v2\/product"}],"about":[{"href":"https:\/\/fitshaker.sk\/eshop\/wp-json\/wp\/v2\/types\/product"}],"replies":[{"embeddable":true,"href":"https:\/\/fitshaker.sk\/eshop\/wp-json\/wp\/v2\/comments?post=164903"}],"wp:featuredmedia":[{"embeddable":true,"href":"https:\/\/fitshaker.sk\/eshop\/wp-json\/wp\/v2\/media\/164892"}],"wp:attachment":[{"href":"https:\/\/fitshaker.sk\/eshop\/wp-json\/wp\/v2\/media?parent=164903"}],"wp:term":[{"taxonomy":"product_cat","embeddable":true,"href":"https:\/\/fitshaker.sk\/eshop\/wp-json\/wp\/v2\/product_cat?post=164903"},{"taxonomy":"product_tag","embeddable":true,"href":"https:\/\/fitshaker.sk\/eshop\/wp-json\/wp\/v2\/product_tag?post=164903"}],"curies":[{"name":"wp","href":"https:\/\/api.w.org\/{rel}","templated":true}]}}