{"id":162314,"date":"2024-10-15T17:17:58","date_gmt":"2024-10-15T15:17:58","guid":{"rendered":"https:\/\/fitshaker.sk\/eshop\/?post_type=product&#038;p=162314"},"modified":"2026-04-28T21:53:28","modified_gmt":"2026-04-28T19:53:28","slug":"svihadlo","status":"publish","type":"product","link":"https:\/\/fitshaker.sk\/eshop\/produkt\/svihadlo","title":{"rendered":"\u0160vihadlo"},"content":{"rendered":"<p>Vr\u00e1\u0165 sa do detstva, zabav sa a zlep\u0161i svoju kondi\u010dku. V\u0161etko v\u010faka \u0161vihadlu!<\/p>\n<p><strong>Fitshaker \u0161vihadlo a jeho v\u00fdhody:<\/strong><\/p>\n<p>\u2022 Praktick\u00e9 a \u013eahk\u00e9 \u0161vihadlo v modernom dizajne.<br \/>\n\u2022 M\u00e1 dreven\u00e9 ergonomicky tvarovan\u00e9 r\u00fa\u010dky.<br \/>\n\u2022 Je vyroben\u00e9 z bavlnen\u00e9ho lana (d\u013a\u017eka 275 cm), ktor\u00e9 sa d\u00e1 skr\u00e1ti\u0165. D\u013a\u017eka je teda nastavite\u013en\u00e1.<br \/>\n\u2022 Uprostred bavlnen\u00e9ho lana je plastov\u00fd kryt, ktor\u00fd pri nar\u00e1\u017ean\u00ed o zem chr\u00e1ni lanko pred po\u0161koden\u00edm.<br \/>\n\u2022 Dostupn\u00e9 v 3 n\u00e1dhern\u00fdch svie\u017eich farb\u00e1ch: fialovej, ru\u017eovej, modrej.<\/p>\n<p><strong>Na \u010do v\u0161etko je \u0161vihadlo vhodn\u00e9?<\/strong><\/p>\n<p>\u2022 z\u00e1bavn\u00e1 forma cvi\u010denia,<br \/>\n\u2022 kondi\u010dn\u00e9 cvi\u010denia,<br \/>\n\u2022 posil\u0148ovanie,<br \/>\n\u2022 aktivita s vysokou intenzitou, pri ktorej sa spa\u013euje ve\u013ea kal\u00f3ri\u00ed,<br \/>\n\u2022 ide\u00e1lne na chudnutie,<br \/>\n\u2022 pri sk\u00e1kan\u00ed na \u0161vihadle posil\u0148ujeme stred tela a doln\u00e9 aj horn\u00e9 kon\u010datiny,<br \/>\n\u2022 tr\u00e9nujeme koordin\u00e1ciu pohybu, obratnos\u0165, r\u00fdchlos\u0165 a vytrvalos\u0165,<br \/>\n\u2022 pohyb sa v\u010faka nemu stane z\u00e1bavou pre deti i dospel\u00fdch,<br \/>\n\u2022 \u0161vihadlo je skladn\u00e1 a cenovo dostupn\u00e1 pom\u00f4cka na cvi\u010denie, a preto u\u017e \u017eiadne v\u00fdhovorky \ud83d\ude42!<\/p>\n<p>&nbsp;<\/p>\n<p><strong>N\u00e1vod ako upravi\u0165 d\u013a\u017eku na Fitshaker \u0161vihadle:<\/strong><\/p>\n<style>.embed-container { position: relative; padding-bottom: 56.25%; height: 0; overflow: hidden; max-width: 100%; } .embed-container iframe, .embed-container object, .embed-container embed { position: absolute; top: 0; left: 0; width: 100%; height: 100%; }<\/style>\n<div class=\"embed-container\"><iframe src=\"https:\/\/youtube.be\/embed\/o6WOQZQbhu0\" frameborder=\"0\" allowfullscreen=\"allowfullscreen\"><span data-mce-type=\"bookmark\" style=\"display: inline-block; width: 0px; overflow: hidden; line-height: 0;\" class=\"mce_SELRES_start\">\ufeff<\/span><\/iframe><\/div>\n","protected":false},"excerpt":{"rendered":"<p>Nastavite\u013en\u00e9 \u0161vihadlo s max. d\u013a\u017ekou 275 cm, s dreven\u00fdmi r\u00fa\u010dkami, v 3 n\u00e1dhern\u00fdch svie\u017eich farb\u00e1ch.<\/p>\n","protected":false},"featured_media":162490,"comment_status":"open","ping_status":"closed","template":"","meta":{"_acf_changed":false},"product_cat":[215],"product_tag":[],"bundle_layout":"","bundled_by":[],"bundled_items":[],"acf":[],"_links":{"self":[{"href":"https:\/\/fitshaker.sk\/eshop\/wp-json\/wp\/v2\/product\/162314"}],"collection":[{"href":"https:\/\/fitshaker.sk\/eshop\/wp-json\/wp\/v2\/product"}],"about":[{"href":"https:\/\/fitshaker.sk\/eshop\/wp-json\/wp\/v2\/types\/product"}],"replies":[{"embeddable":true,"href":"https:\/\/fitshaker.sk\/eshop\/wp-json\/wp\/v2\/comments?post=162314"}],"wp:featuredmedia":[{"embeddable":true,"href":"https:\/\/fitshaker.sk\/eshop\/wp-json\/wp\/v2\/media\/162490"}],"wp:attachment":[{"href":"https:\/\/fitshaker.sk\/eshop\/wp-json\/wp\/v2\/media?parent=162314"}],"wp:term":[{"taxonomy":"product_cat","embeddable":true,"href":"https:\/\/fitshaker.sk\/eshop\/wp-json\/wp\/v2\/product_cat?post=162314"},{"taxonomy":"product_tag","embeddable":true,"href":"https:\/\/fitshaker.sk\/eshop\/wp-json\/wp\/v2\/product_tag?post=162314"}],"curies":[{"name":"wp","href":"https:\/\/api.w.org\/{rel}","templated":true}]}}