{"id":155731,"date":"2024-07-24T12:32:28","date_gmt":"2024-07-24T10:32:28","guid":{"rendered":"https:\/\/fitshaker-eshop-prod.goodrequest.dev\/eshop\/?post_type=product&#038;p=155731"},"modified":"2026-04-24T08:40:07","modified_gmt":"2026-04-24T06:40:07","slug":"ranajkova-kasa-350-g-mango-ananas-pitahaya-5-6-porcii","status":"publish","type":"product","link":"https:\/\/fitshaker.sk\/eshop\/produkt\/ranajkova-kasa-350-g-mango-ananas-pitahaya-5-6-porcii","title":{"rendered":"Ra\u0148ajkov\u00e1 ka\u0161a 350 g \u2013 mango, anan\u00e1s, pitahaya (5-6 porci\u00ed)"},"content":{"rendered":"<p>Za\u010d\u00ednate svoje r\u00e1no ka\u0161ou? H\u013ead\u00e1te nov\u00fa zauj\u00edmav\u00fa pr\u00edchu\u0165? Alebo len h\u013ead\u00e1te r\u00fdchle a v\u00fd\u017eivn\u00e9 ra\u0148ajky s n\u00e1dychom leta po\u010das cel\u00e9ho roka?<\/p>\n<p>Dajte \u0161ancu<strong> svie\u017eim a origin\u00e1lnym pr\u00edchutiam ra\u0148ajkov\u00fdch ka\u0161\u00ed od Fitshaker! <\/strong>Namie\u0161ali sme <strong>jednoduch\u00e9 a vyv\u00e1\u017een\u00e9 ingrediencie.<\/strong> Tak aby mali <strong>nev\u0161edn\u00fa a z\u00e1rove\u0148 vynikaj\u00facu chu\u0165. A hlavne skvel\u00fa v\u00fd\u017eivov\u00fa hodnotu<\/strong>. Namie\u0161ali sme ka\u0161u z ovsen\u00fdch a poh\u00e1nkov\u00fdch vlo\u010diek, ktor\u00e9 skvele <strong>zas\u00fdtia a doplnila potrebn\u00fa energiu. <\/strong>Pri \u0161porte, pr\u00e1ci alebo doma. Lyofilzovan\u00e9 mango, anan\u00e1s a pr\u00e1\u0161ok s pytahaye dod\u00e1vaj\u00fa ka\u0161i <strong>exotick\u00fa kyselkav\u00fa chu\u0165.<\/strong> Sladkos\u0165 zas kokosov\u00fd cukor a pr\u00edjemn\u00fa orie\u0161kov\u00fa chu\u0165 dop\u013a\u0148a mand\u013eov\u00e1 m\u00faka a blan\u0161\u00edrovan\u00e9 mandle.<\/p>\n<p>T\u00e1to ka\u0161a je skvelou vo\u013ebu pre n\u00e1ro\u010dn\u00fdch stravn\u00edkov a takisto pre za\u010diato\u010dn\u00edkov v zdravom stravovan\u00ed. Jej zlo\u017eenie pre\u0161lo pozorn\u00fdm o\u010dkom na\u0161ich v\u00fd\u017eivov\u00fdch a nutri\u010dn\u00fdch poradk\u00fd\u0148. Ver\u00edme, \u017ee si na n\u00e1s pri ra\u0148ajk\u00e1ch v\u017edy s l\u00e1skou spomenie\u0161. \ud83d\ude42<\/p>\n<h3><img loading=\"lazy\" decoding=\"async\" class=\"wp-image-165961 alignleft\" src=\"https:\/\/fitshaker.sk\/eshop\/wp-content\/uploads\/2024\/07\/Ovsena-kasa-s-ovocim-a-orechovym-maslom-10-595x895.jpg\" alt=\"ra\u0148ajkov\u00e1 ka\u0161a\" width=\"386\" height=\"580\" srcset=\"https:\/\/fitshaker.sk\/eshop\/wp-content\/uploads\/2024\/07\/Ovsena-kasa-s-ovocim-a-orechovym-maslom-10-595x895.jpg 595w, https:\/\/fitshaker.sk\/eshop\/wp-content\/uploads\/2024\/07\/Ovsena-kasa-s-ovocim-a-orechovym-maslom-10-200x300.jpg 200w, https:\/\/fitshaker.sk\/eshop\/wp-content\/uploads\/2024\/07\/Ovsena-kasa-s-ovocim-a-orechovym-maslom-10-331x498.jpg 331w, https:\/\/fitshaker.sk\/eshop\/wp-content\/uploads\/2024\/07\/Ovsena-kasa-s-ovocim-a-orechovym-maslom-10-450x677.jpg 450w, https:\/\/fitshaker.sk\/eshop\/wp-content\/uploads\/2024\/07\/Ovsena-kasa-s-ovocim-a-orechovym-maslom-10-350x526.jpg 350w, https:\/\/fitshaker.sk\/eshop\/wp-content\/uploads\/2024\/07\/Ovsena-kasa-s-ovocim-a-orechovym-maslom-10.jpg 739w\" sizes=\"(max-width: 386px) 100vw, 386px\" \/><\/h3>\n<h3>Zlo\u017eenie:<\/h3>\n<p><strong>ovsen\u00e9<\/strong> vlo\u010dky porridge &#8211; bezlepkov\u00e9 47 %<br \/>\npoh\u00e1nkov\u00e9 vlo\u010dky 20 %<br \/>\nkokosov\u00fd cukor 15 %<br \/>\nlyofilizovan\u00e9 mango dr\u0165 5 %<br \/>\nlyofilizovan\u00fd anan\u00e1s k\u00fasky 5 %<br \/>\n<strong>mand\u013eov\u00e1 m\u00faka<\/strong> 5 %<br \/>\n<strong>mandle<\/strong> blan\u0161\u00edrovan\u00e9 2 %<br \/>\npitahaya pr\u00e1\u0161ok 1 %<\/p>\n<p>&nbsp;<\/p>\n<p>Krajina p\u00f4vodu ovsen\u00fdch vlo\u010diek: Ve\u013ek\u00e1 Brit\u00e1nia \/ Ma\u010farsko.<br \/>\n<strong>M\u00f4\u017ee obsahova\u0165 ara\u0161idy a in\u00e9 orechy.<\/strong><\/p>\n<p>&nbsp;<\/p>\n<h3>V\u00fd\u017eivov\u00e9 \u00fadaje na 100g:<\/h3>\n<p>energia 1579 kJ\/378 kcal<br \/>\ntuky 7,09 g, z toho nas\u00fdten\u00e9 mastn\u00e9 kyseliny 0,82 g<br \/>\nsacharidy 66,19 g z toho cukry 22,39 g<br \/>\nvl\u00e1knina 7,55 g<br \/>\nbielkoviny 9,46 g<br \/>\nso\u013e 0,06 g<\/p>\n<p>&nbsp;<\/p>\n<p><strong>Pou\u017eitie:<\/strong> Po\u017eadovan\u00e9 mno\u017estvo zmesi (1 porcia = 60-70 g) zalejte cca 120-150 ml hor\u00facej vody alebo hor\u00faceho mlieka \u010di rastlinn\u00e9ho n\u00e1poja. Premie\u0161ajte a nechajte pribli\u017ene 5 min\u00fat odst\u00e1\u0165. Ka\u0161u m\u00f4\u017eete dochuti\u0165 k\u00faskami ovocia, orie\u0161kami, semienkami alebo Fitnutkou.<\/p>\n<p><a href=\"https:\/\/fitshaker.sk\/kategoria\/recepty\/ranajky\">Skvel\u00e9 tipy na chutn\u00e9 ra\u0148ajky a ra\u0148ajkov\u00e9 ka\u0161e n\u00e1jdete na na\u0161om blogu.<\/a><\/p>\n<p><strong>Sladovanie:<\/strong> Skladujte v suchu pri teplote do 25 \u00b0C a chr\u00e1\u0148te pred priamym slne\u010dn\u00fdm \u017eiaren\u00edm. Spotrebujte do 1 mesiaca od otvorenia.<\/p>\n<p>&nbsp;<\/p>\n<p><strong>Vyroben\u00e9 na Slovensku.<\/strong><\/p>\n<p><strong>Balenie: 350 g (5-6 porci\u00ed)<\/strong><\/p>\n<p>&nbsp;<\/p>\n<h3>Na zlo\u017een\u00ed sme si dali \u0161peci\u00e1lne z\u00e1le\u017ea\u0165, viac o jednotliv\u00fdch zlo\u017ek\u00e1ch si pre\u010d\u00edtaj \u010falej:<\/h3>\n<p>Ka\u0161a obsahuje <strong>jemn\u00e9 ovsen\u00e9 a poh\u00e1nkov\u00e9 vlo\u010dky<\/strong>, ktor\u00e9 s\u00fa v\u00fdznamn\u00fdm zdrojom sacharidov d\u00f4le\u017eit\u00fdch pre telesn\u00fa aktivitu a spr\u00e1vnu \u010dinnos\u0165 org\u00e1nov.<\/p>\n<p>\u010eal\u0161\u00edmi zlo\u017ekami ka\u0161e s\u00fa\u00a0<strong>kvalitn\u00e9 k\u00fasky lyofilizovan\u00e9ho ovocia anan\u00e1s, mango a pr\u00e1\u0161ok s lyofilizovan\u00e9ho dra\u010dieho ovocia &#8211; pitahaya<\/strong>.\u00a0Lyofiliz\u00e1cia je su\u0161enie mrazom &#8211; teda odstr\u00e1nenie vody z ovocia pri ve\u013emi n\u00edzkej teplote a tlaku. V\u010faka tomuto \u0161etrn\u00e9mu sp\u00f4sobu konzervovania si ovocie zachov\u00e1 v\u0161etky vitam\u00edny a miner\u00e1ly, chut\u00ed ako \u010derstv\u00e9 a pred\u013a\u017ei sa jeho trvanlivos\u0165.<br \/>\n<strong>Orie\u0161kov\u00fa zlo\u017eku v ka\u0161i tvoria\u00a0mandle<\/strong>, ktor\u00e9 s\u00fa fantastick\u00fdm zdrojom vitam\u00ednu E, hor\u010d\u00edka, mang\u00e1nu \u010di \u017eeleza.<br \/>\nKa\u0161a je<strong> osladen\u00e1\u00a0kokosov\u00fdm cukrom<\/strong>, ktor\u00fd obsahuje\u00a0inul\u00edn\u00a0&#8211; je to\u00a0vl\u00e1knina, ktor\u00e1 m\u00f4\u017ee spoma\u013eova\u0165 absorpciu gluk\u00f3zy a t\u00fdm by sa dalo vysvetli\u0165 tvrdenie, \u017ee kokosov\u00fd cukor m\u00e1 n\u00edzky glykemick\u00fd index.<\/p>\n<p><em><strong>Tak \u010do? D\u00e1 sa ka\u0161i s tak\u00fdmto par\u00e1dnym zlo\u017een\u00edm odola\u0165?<\/strong><\/em><\/p>\n<p>&nbsp;<\/p>\n<p>&nbsp;<\/p>\n","protected":false},"excerpt":{"rendered":"<p><strong>Objav exotick\u00fa kombin\u00e1ciu manga, anan\u00e1su a mandl\u00ed v dokonale vyv\u00e1\u017eenej ra\u0148ajkovej ka\u0161i od Fitshakeru.<\/strong><br \/>\nKa\u0161a vhodn\u00e1 (nielen) na ra\u0148ajky. Hotov\u00e1 do 5 min\u00fat. S vyv\u00e1\u017een\u00fdm a \u010dist\u00fdm zlo\u017een\u00edm.<\/p>\n<p>&nbsp;<\/p>\n<p><img loading=\"lazy\" decoding=\"async\" class=\"alignnone wp-image-171730\" src=\"https:\/\/fitshaker.sk\/eshop\/wp-content\/uploads\/2025\/01\/Kase-ikonky.png\" alt=\"ranajkove kase Fitshaker\" width=\"557\" height=\"100\" srcset=\"https:\/\/fitshaker.sk\/eshop\/wp-content\/uploads\/2025\/01\/Kase-ikonky.png 4914w, https:\/\/fitshaker.sk\/eshop\/wp-content\/uploads\/2025\/01\/Kase-ikonky-350x63.png 350w, https:\/\/fitshaker.sk\/eshop\/wp-content\/uploads\/2025\/01\/Kase-ikonky-595x107.png 595w, https:\/\/fitshaker.sk\/eshop\/wp-content\/uploads\/2025\/01\/Kase-ikonky-385x69.png 385w, https:\/\/fitshaker.sk\/eshop\/wp-content\/uploads\/2025\/01\/Kase-ikonky-768x138.png 768w, https:\/\/fitshaker.sk\/eshop\/wp-content\/uploads\/2025\/01\/Kase-ikonky-1536x276.png 1536w, https:\/\/fitshaker.sk\/eshop\/wp-content\/uploads\/2025\/01\/Kase-ikonky-2048x368.png 2048w, https:\/\/fitshaker.sk\/eshop\/wp-content\/uploads\/2025\/01\/Kase-ikonky-450x81.png 450w\" sizes=\"(max-width: 557px) 100vw, 557px\" \/><\/p>\n","protected":false},"featured_media":162543,"comment_status":"open","ping_status":"closed","template":"","meta":{"_acf_changed":false},"product_cat":[213],"product_tag":[],"bundle_layout":"","bundled_by":[],"bundled_items":[],"acf":[],"_links":{"self":[{"href":"https:\/\/fitshaker.sk\/eshop\/wp-json\/wp\/v2\/product\/155731"}],"collection":[{"href":"https:\/\/fitshaker.sk\/eshop\/wp-json\/wp\/v2\/product"}],"about":[{"href":"https:\/\/fitshaker.sk\/eshop\/wp-json\/wp\/v2\/types\/product"}],"replies":[{"embeddable":true,"href":"https:\/\/fitshaker.sk\/eshop\/wp-json\/wp\/v2\/comments?post=155731"}],"wp:featuredmedia":[{"embeddable":true,"href":"https:\/\/fitshaker.sk\/eshop\/wp-json\/wp\/v2\/media\/162543"}],"wp:attachment":[{"href":"https:\/\/fitshaker.sk\/eshop\/wp-json\/wp\/v2\/media?parent=155731"}],"wp:term":[{"taxonomy":"product_cat","embeddable":true,"href":"https:\/\/fitshaker.sk\/eshop\/wp-json\/wp\/v2\/product_cat?post=155731"},{"taxonomy":"product_tag","embeddable":true,"href":"https:\/\/fitshaker.sk\/eshop\/wp-json\/wp\/v2\/product_tag?post=155731"}],"curies":[{"name":"wp","href":"https:\/\/api.w.org\/{rel}","templated":true}]}}